{"id":4646,"date":"2022-03-25T18:43:19","date_gmt":"2022-03-25T17:43:19","guid":{"rendered":"https:\/\/kontakte-kontakty.de\/?page_id=4646"},"modified":"2025-09-09T12:22:47","modified_gmt":"2025-09-09T10:22:47","slug":"ehemalige-minderjaehrige-haeftlinge-zwangsarbeiterinnen-und-kriegsgefangene-in-der-ukraine","status":"publish","type":"page","link":"https:\/\/kontakte-kontakty.de\/ru\/ehemalige-minderjaehrige-haeftlinge-zwangsarbeiterinnen-und-kriegsgefangene-in-der-ukraine\/","title":{"rendered":"Ehemalige minderj\u00e4hrige H\u00e4ftlinge und Zwangsarbeiter*innen in der Ukraine"},"content":{"rendered":"\n<p>Nicht nur Erwachsene waren w\u00e4hrend des Zweiten Weltkrieges von Ausbeutung durch das nationalsozialistische Zwangsarbeitssystem betroffen. Bis zu 1,5 Millionen Kinder und Jugendliche wurden allein oder zusammen mit den Eltern aus den L\u00e4ndern der ehemaligen Sowjetunion zur Zwangsarbeit nach Deutschland verschleppt und wuchsen in Lagern auf. Kinder ab sieben Jahren konnten zur Zwangsarbeit rekrutiert werden. Von den Kindern, die in Zwangsarbeiterlagern geboren wurden, \u00fcberlebten nur wenige. Andere minderj\u00e4hrige H\u00e4ftlinge gerieten infolge der m\u00f6rderischen Widerstandsbek\u00e4mpfung in deutsche Lager.<\/p>\n\n\n\n<p>Ankn\u00fcpfend an unser langj\u00e4hriges Engagement f\u00fcr <strong>ehemalige sowjetische Kriegsgefangene in der Ukraine<\/strong>, widmet sich der Verein seit Februar 2020 auch NS-Opfern des Landes, die ihre <strong>Kindheit und Jugend als Zwangsarbeiter*innen <\/strong>oder hinter Stacheldraht in<strong> deutschen Lagern<\/strong> verbringen mussten oder in <strong>Gefangenschaft geboren<\/strong> wurden.<\/p>\n\n\n\n<div class=\"wp-block-columns is-layout-flex wp-container-core-columns-is-layout-9d6595d7 wp-block-columns-is-layout-flex\">\n<div class=\"wp-block-column is-layout-flow wp-block-column-is-layout-flow\" style=\"flex-basis:66.66%\">\n<p>Gemeinsam mit unserer <strong>Partnerorganisation in Kiew, der \u201eInternationalen Stiftung Verst\u00e4ndigung und Toleranz\u201c,<\/strong> vermitteln wir aus Spendenmitteln medizinische und psychologische Hilfe gem\u00e4\u00df individuellen \u00e4rztlichen Verordnungen. Wir \u00fcbernehmen die Rechnungen f\u00fcr die Kosten von Medikamenten, Behandlungen in medizinischen Einrichtungen und der h\u00e4uslichen Krankenpflege sowie f\u00fcr Haushaltshilfen, Rollst\u00fchle und weiteren Bedarf.<\/p>\n<\/div>\n\n\n\n<div class=\"wp-block-column is-layout-flow wp-block-column-is-layout-flow\" style=\"flex-basis:33.33%\">\n<figure class=\"wp-block-image size-full\"><img decoding=\"async\" width=\"531\" height=\"538\" src=\"https:\/\/kontakte-kontakty.de\/wp-content\/uploads\/2022\/03\/tolerance-logo-big.jpg\" alt=\"Logo Internationalen Stiftung Verst\u00e4ndigung und Toleranz\" class=\"wp-image-4647\" srcset=\"https:\/\/kontakte-kontakty.de\/wp-content\/uploads\/2022\/03\/tolerance-logo-big.jpg 531w, https:\/\/kontakte-kontakty.de\/wp-content\/uploads\/2022\/03\/tolerance-logo-big-296x300.jpg 296w\" sizes=\"(max-width: 531px) 100vw, 531px\" \/><\/figure>\n<\/div>\n<\/div>\n\n\n\n<p class=\"has-medium-font-size\"><strong>Regelm\u00e4\u00dfige Fu\u00df- und Nagelpflege f\u00fcr etwa 50 ehemalige Opfer des Nationalsozialismus in der Region Dnipropetrowsk, Ukraine<\/strong><\/p>\n\n\n\n<p>Unser Engagement f\u00fcr minderj\u00e4hrige H\u00e4ftlinge bzw. minderj\u00e4hrige ZwangsarbeiterInnen und w\u00e4hrend der Zwangsarbeit ihrer Eltern geborene Kinder in der Ukraine haben wir mit einer neuen Partnerschaft ausgeweitet \u2013 <strong>die Filiale Dnipro der \u201eUkrainischen Union der H\u00e4ftlinge \u2013 Opfer des Nazismus\u201c<\/strong>.<\/p>\n\n\n\n<p>Im Rahmen des Projekts erhalten seit November 2023 insgesamt 52 Opfer des Nationalsozialismus professionelle regelm\u00e4\u00dfige podologische Behandlungen. Die Zielgruppe des Projektes sind hochbetagte Menschen, deren Mindestalter bei 79 Jahren liegt, die meisten von ihnen sind \u00e4lter.<\/p>\n\n\n<div class=\"wp-block-image\">\n<figure class=\"alignright size-large is-resized\"><img decoding=\"async\" width=\"700\" height=\"1516\" src=\"https:\/\/kontakte-kontakty.de\/wp-content\/uploads\/2025\/09\/\u041f\u0440\u043e\u0446\u0435\u0434\u0443\u0440\u0430-\u0443-\u0415\u043b\u044c\u043d\u0438\u043a\u043e\u0432\u043e\u0439-\u0418\u0437\u0430\u0431\u0435\u043b\u043b\u044b-\u0415\u0432\u0433\u0435\u043d\u044c\u0435\u0432\u043d\u044b-\u0434\u043e\u043c\u0430-700x1516.jpg\" alt=\"\" class=\"wp-image-5620\" style=\"width:223px;height:auto\" srcset=\"https:\/\/kontakte-kontakty.de\/wp-content\/uploads\/2025\/09\/\u041f\u0440\u043e\u0446\u0435\u0434\u0443\u0440\u0430-\u0443-\u0415\u043b\u044c\u043d\u0438\u043a\u043e\u0432\u043e\u0439-\u0418\u0437\u0430\u0431\u0435\u043b\u043b\u044b-\u0415\u0432\u0433\u0435\u043d\u044c\u0435\u0432\u043d\u044b-\u0434\u043e\u043c\u0430-700x1516.jpg 700w, https:\/\/kontakte-kontakty.de\/wp-content\/uploads\/2025\/09\/\u041f\u0440\u043e\u0446\u0435\u0434\u0443\u0440\u0430-\u0443-\u0415\u043b\u044c\u043d\u0438\u043a\u043e\u0432\u043e\u0439-\u0418\u0437\u0430\u0431\u0435\u043b\u043b\u044b-\u0415\u0432\u0433\u0435\u043d\u044c\u0435\u0432\u043d\u044b-\u0434\u043e\u043c\u0430-139x300.jpg 139w, https:\/\/kontakte-kontakty.de\/wp-content\/uploads\/2025\/09\/\u041f\u0440\u043e\u0446\u0435\u0434\u0443\u0440\u0430-\u0443-\u0415\u043b\u044c\u043d\u0438\u043a\u043e\u0432\u043e\u0439-\u0418\u0437\u0430\u0431\u0435\u043b\u043b\u044b-\u0415\u0432\u0433\u0435\u043d\u044c\u0435\u0432\u043d\u044b-\u0434\u043e\u043c\u0430-768x1663.jpg 768w, https:\/\/kontakte-kontakty.de\/wp-content\/uploads\/2025\/09\/\u041f\u0440\u043e\u0446\u0435\u0434\u0443\u0440\u0430-\u0443-\u0415\u043b\u044c\u043d\u0438\u043a\u043e\u0432\u043e\u0439-\u0418\u0437\u0430\u0431\u0435\u043b\u043b\u044b-\u0415\u0432\u0433\u0435\u043d\u044c\u0435\u0432\u043d\u044b-\u0434\u043e\u043c\u0430-709x1536.jpg 709w, https:\/\/kontakte-kontakty.de\/wp-content\/uploads\/2025\/09\/\u041f\u0440\u043e\u0446\u0435\u0434\u0443\u0440\u0430-\u0443-\u0415\u043b\u044c\u043d\u0438\u043a\u043e\u0432\u043e\u0439-\u0418\u0437\u0430\u0431\u0435\u043b\u043b\u044b-\u0415\u0432\u0433\u0435\u043d\u044c\u0435\u0432\u043d\u044b-\u0434\u043e\u043c\u0430-946x2048.jpg 946w, https:\/\/kontakte-kontakty.de\/wp-content\/uploads\/2025\/09\/\u041f\u0440\u043e\u0446\u0435\u0434\u0443\u0440\u0430-\u0443-\u0415\u043b\u044c\u043d\u0438\u043a\u043e\u0432\u043e\u0439-\u0418\u0437\u0430\u0431\u0435\u043b\u043b\u044b-\u0415\u0432\u0433\u0435\u043d\u044c\u0435\u0432\u043d\u044b-\u0434\u043e\u043c\u0430-800x1732.jpg 800w\" sizes=\"(max-width: 700px) 100vw, 700px\" \/><figcaption class=\"wp-element-caption\"><em>I<\/em>zabella J., (geboren 1926) wird von der Podologin Olena V. regelm\u00e4\u00dfig zu Hause behandelt<em>.<\/em><\/figcaption><\/figure><\/div>\n\n\n<p>Unsere engagierte Partnerin Olena Antonenko, die Leiterin der Filiale, schildert: \u201eAufgrund altersbedingter Ver\u00e4nderungen leiden die Beine und F\u00fc\u00dfe unserer Sch\u00fctzlinge stark. Sie klagen \u00fcber Schmerzen in den Beinen, viele haben verhornte Haut und verdickte N\u00e4gel an den F\u00fc\u00dfen, was das Tragen von Schuhen und das Gehen f\u00fcr \u00e4ltere Menschen sehr schmerzhaft macht. Bei Diabetes ist eine besondere Fu\u00dfpflege f\u00fcr \u00e4ltere Menschen erforderlich. Die Fu\u00dfpflege ist eine effektive Ma\u00dfnahme zur Verbesserung ihrer Lebensqualit\u00e4t.\u201c<\/p>\n\n\n\n<p>Neben dem positiven medizinischen Effekt hat auch der regelm\u00e4\u00dfige Besuch durch die Podologin eine wichtige Bedeutung f\u00fcr die \u00dcberlebenden. Sie erhalten F\u00fcrsorge und Aufmerksamkeit und freuen sich auf die Besuche und Gespr\u00e4che mit der ihnen vertrauten \u201eAljonka\u201c, wie sie sie liebevoll nennen.<\/p>\n\n\n\n<p>\u00a0 <em>\u201eIch, Valentina Grigorievna G., m\u00f6chte den Projektmitarbeitern meinen gro\u00dfen Dank f\u00fcr ihren sehr einf\u00fchlsamen, aufmerksamen und hochwertigen Service aussprechen, der f\u00fcr mich als 87-j\u00e4hrige Rentnerin einfach Balsam f\u00fcr die Seele ist.\u201c<\/em><\/p>\n\n\n\n<p><em>\u201eVielen Dank f\u00fcr die Behandlung meiner F\u00fc\u00dfe. Ich f\u00fchle mich leicht, als h\u00e4tte ich Fl\u00fcgel bekommen.\u201c<\/em> Lyudmila Vladimirovna P., 80 Jahre alt.<\/p>\n\n\n\n<p><em>\u201eIch bin Alenka sehr dankbar f\u00fcr ihre freundliche und f\u00fcrsorgliche Haltung uns (den ehemaligen Gefangenen) gegen\u00fcber. Ich habe die Leichtigkeit meiner Beine in jungen Jahren wieder gesp\u00fcrt.\u201c<\/em> Olga Antonovna M., 81 Jahre alt.<\/p>\n\n\n\n<p><strong>Spendenkonto<\/strong><br>Kontakte-Kontakty<br>Spendenkonto: DE48 1009 0000 3065 5990 06<br>BIC: BEVODEBB<br>Verwendungszweck: Minderj\u00e4hrige H\u00e4ftlinge in der Ukraine<\/p>\n","protected":false},"excerpt":{"rendered":"<p>Nicht nur Erwachsene waren w\u00e4hrend des Zweiten Weltkrieges von Ausbeutung durch das nationalsozialistische Zwangsarbeitssystem betroffen. Bis zu 1,5 Millionen Kinder und Jugendliche wurden allein oder zusammen mit den Eltern aus den L\u00e4ndern der ehemaligen Sowjetunion zur Zwangsarbeit nach Deutschland verschleppt und wuchsen in Lagern auf. Kinder ab sieben Jahren konnten zur Zwangsarbeit rekrutiert werden. Von&#8230;<\/p>\n","protected":false},"author":5,"featured_media":0,"parent":0,"menu_order":0,"comment_status":"closed","ping_status":"closed","template":"","meta":{"_coblocks_attr":"","_coblocks_dimensions":"","_coblocks_responsive_height":"","_coblocks_accordion_ie_support":"","_uag_custom_page_level_css":"","footnotes":""},"class_list":["post-4646","page","type-page","status-publish","hentry"],"translation":{"provider":"WPGlobus","version":"3.0.2","language":"ru","enabled_languages":["de","ru"],"languages":{"de":{"title":true,"content":true,"excerpt":false},"ru":{"title":false,"content":false,"excerpt":false}}},"uagb_featured_image_src":{"full":false,"thumbnail":false,"medium":false,"medium_large":false,"large":false,"1536x1536":false,"2048x2048":false,"post-thumbnail":false,"graphy-post-thumbnail-large":false,"graphy-post-thumbnail-medium":false,"graphy-post-thumbnail-small":false,"graphy-page-thumbnail":false},"uagb_author_info":{"display_name":"KS","author_link":"https:\/\/kontakte-kontakty.de\/ru\/author\/kntktbrln999\/"},"uagb_comment_info":0,"uagb_excerpt":"Nicht nur Erwachsene waren w\u00e4hrend des Zweiten Weltkrieges von Ausbeutung durch das nationalsozialistische Zwangsarbeitssystem betroffen. Bis zu 1,5 Millionen Kinder und Jugendliche wurden allein oder zusammen mit den Eltern aus den L\u00e4ndern der ehemaligen Sowjetunion zur Zwangsarbeit nach Deutschland verschleppt und wuchsen in Lagern auf. Kinder ab sieben Jahren konnten zur Zwangsarbeit rekrutiert werden. Von...","_links":{"self":[{"href":"https:\/\/kontakte-kontakty.de\/ru\/wp-json\/wp\/v2\/pages\/4646","targetHints":{"allow":["GET"]}}],"collection":[{"href":"https:\/\/kontakte-kontakty.de\/ru\/wp-json\/wp\/v2\/pages"}],"about":[{"href":"https:\/\/kontakte-kontakty.de\/ru\/wp-json\/wp\/v2\/types\/page"}],"author":[{"embeddable":true,"href":"https:\/\/kontakte-kontakty.de\/ru\/wp-json\/wp\/v2\/users\/5"}],"replies":[{"embeddable":true,"href":"https:\/\/kontakte-kontakty.de\/ru\/wp-json\/wp\/v2\/comments?post=4646"}],"version-history":[{"count":5,"href":"https:\/\/kontakte-kontakty.de\/ru\/wp-json\/wp\/v2\/pages\/4646\/revisions"}],"predecessor-version":[{"id":5625,"href":"https:\/\/kontakte-kontakty.de\/ru\/wp-json\/wp\/v2\/pages\/4646\/revisions\/5625"}],"wp:attachment":[{"href":"https:\/\/kontakte-kontakty.de\/ru\/wp-json\/wp\/v2\/media?parent=4646"}],"curies":[{"name":"wp","href":"https:\/\/api.w.org\/{rel}","templated":true}]}}

Ehemalige minderjährige Häftlinge und Zwangsarbeiter*innen in der Ukraine

<p>Nicht nur Erwachsene waren während des Zweiten Weltkrieges von Ausbeutung durch das nationalsozialistische Zwangsarbeitssystem betroffen. Bis zu 1,5 Millionen Kinder und Jugendliche wurden allein oder zusammen mit den Eltern aus den Ländern der ehemaligen Sowjetunion zur Zwangsarbeit nach Deutschland verschleppt und wuchsen in Lagern auf. Kinder ab sieben Jahren konnten zur Zwangsarbeit rekrutiert werden. Von den Kindern, die in Zwangsarbeiterlagern geboren wurden, überlebten nur wenige. Andere minderjährige Häftlinge gerieten infolge der mörderischen Widerstandsbekämpfung in deutsche Lager.</p>



<p>Anknüpfend an unser langjähriges Engagement für <strong>ehemalige sowjetische Kriegsgefangene in der Ukraine</strong>, widmet sich der Verein seit Februar 2020 auch NS-Opfern des Landes, die ihre <strong>Kindheit und Jugend als Zwangsarbeiter*innen </strong>oder hinter Stacheldraht in<strong> deutschen Lagern</strong> verbringen mussten oder in <strong>Gefangenschaft geboren</strong> wurden.</p>



<div class="wp-block-columns is-layout-flex wp-container-core-columns-is-layout-9d6595d7 wp-block-columns-is-layout-flex">
<div class="wp-block-column is-layout-flow wp-block-column-is-layout-flow" style="flex-basis:66.66%">
<p>Gemeinsam mit unserer <strong>Partnerorganisation in Kiew, der „Internationalen Stiftung Verständigung und Toleranz“,</strong> vermitteln wir aus Spendenmitteln medizinische und psychologische Hilfe gemäß individuellen ärztlichen Verordnungen. Wir übernehmen die Rechnungen für die Kosten von Medikamenten, Behandlungen in medizinischen Einrichtungen und der häuslichen Krankenpflege sowie für Haushaltshilfen, Rollstühle und weiteren Bedarf.</p>
</div>



<div class="wp-block-column is-layout-flow wp-block-column-is-layout-flow" style="flex-basis:33.33%">
<figure class="wp-block-image size-full"><img decoding="async" width="531" height="538" src="https://kontakte-kontakty.de/wp-content/uploads/2022/03/tolerance-logo-big.jpg" alt="Logo Internationalen Stiftung Verständigung und Toleranz" class="wp-image-4647" srcset="https://kontakte-kontakty.de/wp-content/uploads/2022/03/tolerance-logo-big.jpg 531w, https://kontakte-kontakty.de/wp-content/uploads/2022/03/tolerance-logo-big-296x300.jpg 296w" sizes="(max-width: 531px) 100vw, 531px" /></figure>
</div>
</div>



<p class="has-medium-font-size"><strong>Regelmäßige Fuß- und Nagelpflege für etwa 50 ehemalige Opfer des Nationalsozialismus in der Region Dnipropetrowsk, Ukraine</strong></p>



<p>Unser Engagement für minderjährige Häftlinge bzw. minderjährige ZwangsarbeiterInnen und während der Zwangsarbeit ihrer Eltern geborene Kinder in der Ukraine haben wir mit einer neuen Partnerschaft ausgeweitet – <strong>die Filiale Dnipro der „Ukrainischen Union der Häftlinge – Opfer des Nazismus“</strong>.</p>



<p>Im Rahmen des Projekts erhalten seit November 2023 insgesamt 52 Opfer des Nationalsozialismus professionelle regelmäßige podologische Behandlungen. Die Zielgruppe des Projektes sind hochbetagte Menschen, deren Mindestalter bei 79 Jahren liegt, die meisten von ihnen sind älter.</p>


<div class="wp-block-image">
<figure class="alignright size-large is-resized"><img decoding="async" width="700" height="1516" src="https://kontakte-kontakty.de/wp-content/uploads/2025/09/Процедура-у-Ельниковой-Изабеллы-Евгеньевны-дома-700x1516.jpg" alt="" class="wp-image-5620" style="width:223px;height:auto" srcset="https://kontakte-kontakty.de/wp-content/uploads/2025/09/Процедура-у-Ельниковой-Изабеллы-Евгеньевны-дома-700x1516.jpg 700w, https://kontakte-kontakty.de/wp-content/uploads/2025/09/Процедура-у-Ельниковой-Изабеллы-Евгеньевны-дома-139x300.jpg 139w, https://kontakte-kontakty.de/wp-content/uploads/2025/09/Процедура-у-Ельниковой-Изабеллы-Евгеньевны-дома-768x1663.jpg 768w, https://kontakte-kontakty.de/wp-content/uploads/2025/09/Процедура-у-Ельниковой-Изабеллы-Евгеньевны-дома-709x1536.jpg 709w, https://kontakte-kontakty.de/wp-content/uploads/2025/09/Процедура-у-Ельниковой-Изабеллы-Евгеньевны-дома-946x2048.jpg 946w, https://kontakte-kontakty.de/wp-content/uploads/2025/09/Процедура-у-Ельниковой-Изабеллы-Евгеньевны-дома-800x1732.jpg 800w" sizes="(max-width: 700px) 100vw, 700px" /><figcaption class="wp-element-caption"><em>I</em>zabella J., (geboren 1926) wird von der Podologin Olena V. regelmäßig zu Hause behandelt<em>.</em></figcaption></figure></div>


<p>Unsere engagierte Partnerin Olena Antonenko, die Leiterin der Filiale, schildert: „Aufgrund altersbedingter Veränderungen leiden die Beine und Füße unserer Schützlinge stark. Sie klagen über Schmerzen in den Beinen, viele haben verhornte Haut und verdickte Nägel an den Füßen, was das Tragen von Schuhen und das Gehen für ältere Menschen sehr schmerzhaft macht. Bei Diabetes ist eine besondere Fußpflege für ältere Menschen erforderlich. Die Fußpflege ist eine effektive Maßnahme zur Verbesserung ihrer Lebensqualität.“</p>



<p>Neben dem positiven medizinischen Effekt hat auch der regelmäßige Besuch durch die Podologin eine wichtige Bedeutung für die Überlebenden. Sie erhalten Fürsorge und Aufmerksamkeit und freuen sich auf die Besuche und Gespräche mit der ihnen vertrauten „Aljonka“, wie sie sie liebevoll nennen.</p>



<p>  <em>„Ich, Valentina Grigorievna G., möchte den Projektmitarbeitern meinen großen Dank für ihren sehr einfühlsamen, aufmerksamen und hochwertigen Service aussprechen, der für mich als 87-jährige Rentnerin einfach Balsam für die Seele ist.“</em></p>



<p><em>„Vielen Dank für die Behandlung meiner Füße. Ich fühle mich leicht, als hätte ich Flügel bekommen.“</em> Lyudmila Vladimirovna P., 80 Jahre alt.</p>



<p><em>„Ich bin Alenka sehr dankbar für ihre freundliche und fürsorgliche Haltung uns (den ehemaligen Gefangenen) gegenüber. Ich habe die Leichtigkeit meiner Beine in jungen Jahren wieder gespürt.“</em> Olga Antonovna M., 81 Jahre alt.</p>



<p><strong>Spendenkonto</strong><br>Kontakte-Kontakty<br>Spendenkonto: DE48 1009 0000 3065 5990 06<br>BIC: BEVODEBB<br>Verwendungszweck: Minderjährige Häftlinge in der Ukraine</p>

<p>Nicht nur Erwachsene waren während des Zweiten Weltkrieges von Ausbeutung durch das nationalsozialistische Zwangsarbeitssystem betroffen. Bis zu 1,5 Millionen Kinder und Jugendliche wurden allein oder zusammen mit den Eltern aus den Ländern der ehemaligen Sowjetunion zur Zwangsarbeit nach Deutschland verschleppt und wuchsen in Lagern auf. Kinder ab sieben Jahren konnten zur Zwangsarbeit rekrutiert werden. Von&#8230;</p>

Nicht nur Erwachsene waren während des Zweiten Weltkrieges von Ausbeutung durch das nationalsozialistische Zwangsarbeitssystem betroffen. Bis zu 1,5 Millionen Kinder und Jugendliche wurden allein oder zusammen mit den Eltern aus den Ländern der ehemaligen Sowjetunion zur Zwangsarbeit nach Deutschland verschleppt und wuchsen in Lagern auf. Kinder ab sieben Jahren konnten zur Zwangsarbeit rekrutiert werden. Von...
